{"id":1991,"date":"2024-02-19T14:46:37","date_gmt":"2024-02-19T13:46:37","guid":{"rendered":"https:\/\/www.caritasorvietotodi.it\/caritaswp\/?page_id=1991"},"modified":"2024-02-23T10:46:35","modified_gmt":"2024-02-23T09:46:35","slug":"chi-siamo","status":"publish","type":"page","link":"https:\/\/www.caritasorvietotodi.it\/caritaswp\/chi-siamo\/","title":{"rendered":"Il presente"},"content":{"rendered":"\n<div class=\"wp-block-uagb-advanced-heading uagb-block-0f63ed50\"><h2 class=\"uagb-heading-text\">La Caritas della Diocesi di Orvieto-Todi<\/h2><\/div>\n\n\n\n<div class=\"wp-block-uagb-call-to-action uagb-block-cd5ff561\"><div class=\"uagb-cta__wrap\"><p class=\"uagb-cta__desc\">La Caritas Diocesana \u00e8 l&#8217;organismo pastorale attraverso cui la Chiesa di Orvieto-Todi promuove la carit\u00e0 e si fa prossima ai suoi figli che vivono momenti di fragilit\u00e0.<br><br><strong><a href=\"https:\/\/www.diocesiorvietotodi.it\/biografia-2\/#\" data-type=\"link\" data-id=\"https:\/\/www.diocesiorvietotodi.it\/biografia-2\/#\">Mons. Gualtiero Sigismondi<\/a><\/strong>, Vescovo della Diocesi, presiede questo organismo ed \u00e8 coadiuvato da: <br>don Marco Gasparri (direttore),<br>Irene Grigioni (vicedirettore),<br>diacono Paolo Persiani (amministratore),<br>l&#8217;\u00e9quipe Caritas e tutti i volontari. <\/p><\/div><div class=\"uagb-cta__buttons\"><a href=\"#\" class=\"uagb-cta__button-link-wrapper\" target=\"_self\" rel=\"noopener noreferrer\"><\/a><\/div><\/div>\n\n\n\n<div class=\"wp-block-uagb-image aligncenter uagb-block-29577eee wp-block-uagb-image--layout-default wp-block-uagb-image--effect-static wp-block-uagb-image--align-center\"><figure class=\"wp-block-uagb-image__figure\"><img decoding=\"async\" src=\"https:\/\/www.caritasorvietotodi.it\/caritaswp\/wp-content\/uploads\/2024\/02\/pexels-marian-moravcik-9271688-1-1024x283.jpg\" alt=\"\" class=\"uag-image-2031\" width=\"4949\" height=\"1370\" title=\"\" loading=\"lazy\" \/><\/figure><\/div>\n","protected":false},"excerpt":{"rendered":"<p>La Caritas della Diocesi di Orvieto-Todi<\/p>\n","protected":false},"author":3,"featured_media":0,"parent":0,"menu_order":0,"comment_status":"closed","ping_status":"closed","template":"","meta":{"_uag_custom_page_level_css":"","site-sidebar-layout":"default","site-content-layout":"","ast-site-content-layout":"default","site-content-style":"default","site-sidebar-style":"default","ast-global-header-display":"","ast-banner-title-visibility":"","ast-main-header-display":"","ast-hfb-above-header-display":"","ast-hfb-below-header-display":"","ast-hfb-mobile-header-display":"","site-post-title":"disabled","ast-breadcrumbs-content":"","ast-featured-img":"","footer-sml-layout":"","theme-transparent-header-meta":"","adv-header-id-meta":"","stick-header-meta":"","header-above-stick-meta":"","header-main-stick-meta":"","header-below-stick-meta":"","astra-migrate-meta-layouts":"set","ast-page-background-enabled":"default","ast-page-background-meta":{"desktop":{"background-color":"var(--ast-global-color-4)","background-image":"","background-repeat":"repeat","background-position":"center center","background-size":"auto","background-attachment":"scroll","background-type":"","background-media":"","overlay-type":"","overlay-color":"","overlay-gradient":""},"tablet":{"background-color":"","background-image":"","background-repeat":"repeat","background-position":"center center","background-size":"auto","background-attachment":"scroll","background-type":"","background-media":"","overlay-type":"","overlay-color":"","overlay-gradient":""},"mobile":{"background-color":"","background-image":"","background-repeat":"repeat","background-position":"center center","background-size":"auto","background-attachment":"scroll","background-type":"","background-media":"","overlay-type":"","overlay-color":"","overlay-gradient":""}},"ast-content-background-meta":{"desktop":{"background-color":"var(--ast-global-color-5)","background-image":"","background-repeat":"repeat","background-position":"center center","background-size":"auto","background-attachment":"scroll","background-type":"","background-media":"","overlay-type":"","overlay-color":"","overlay-gradient":""},"tablet":{"background-color":"var(--ast-global-color-5)","background-image":"","background-repeat":"repeat","background-position":"center center","background-size":"auto","background-attachment":"scroll","background-type":"","background-media":"","overlay-type":"","overlay-color":"","overlay-gradient":""},"mobile":{"background-color":"var(--ast-global-color-5)","background-image":"","background-repeat":"repeat","background-position":"center center","background-size":"auto","background-attachment":"scroll","background-type":"","background-media":"","overlay-type":"","overlay-color":"","overlay-gradient":""}},"footnotes":""},"uagb_featured_image_src":{"full":false,"thumbnail":false,"medium":false,"medium_large":false,"large":false,"1536x1536":false,"2048x2048":false},"uagb_author_info":{"display_name":"Irene Grigioni","author_link":"https:\/\/www.caritasorvietotodi.it\/caritaswp\/author\/irenegrigioni\/"},"uagb_comment_info":0,"uagb_excerpt":"La Caritas della Diocesi di Orvieto-Todi","_links":{"self":[{"href":"https:\/\/www.caritasorvietotodi.it\/caritaswp\/wp-json\/wp\/v2\/pages\/1991"}],"collection":[{"href":"https:\/\/www.caritasorvietotodi.it\/caritaswp\/wp-json\/wp\/v2\/pages"}],"about":[{"href":"https:\/\/www.caritasorvietotodi.it\/caritaswp\/wp-json\/wp\/v2\/types\/page"}],"author":[{"embeddable":true,"href":"https:\/\/www.caritasorvietotodi.it\/caritaswp\/wp-json\/wp\/v2\/users\/3"}],"replies":[{"embeddable":true,"href":"https:\/\/www.caritasorvietotodi.it\/caritaswp\/wp-json\/wp\/v2\/comments?post=1991"}],"version-history":[{"count":18,"href":"https:\/\/www.caritasorvietotodi.it\/caritaswp\/wp-json\/wp\/v2\/pages\/1991\/revisions"}],"predecessor-version":[{"id":2122,"href":"https:\/\/www.caritasorvietotodi.it\/caritaswp\/wp-json\/wp\/v2\/pages\/1991\/revisions\/2122"}],"wp:attachment":[{"href":"https:\/\/www.caritasorvietotodi.it\/caritaswp\/wp-json\/wp\/v2\/media?parent=1991"}],"curies":[{"name":"wp","href":"https:\/\/api.w.org\/{rel}","templated":true}]}}

<div class="wp-block-uagb-advanced-heading uagb-block-0f63ed50"><h2 class="uagb-heading-text">La Caritas della Diocesi di Orvieto-Todi</h2></div>



<div class="wp-block-uagb-call-to-action uagb-block-cd5ff561"><div class="uagb-cta__wrap"><p class="uagb-cta__desc">La Caritas Diocesana è l&#8217;organismo pastorale attraverso cui la Chiesa di Orvieto-Todi promuove la carità e si fa prossima ai suoi figli che vivono momenti di fragilità.<br><br><strong><a href="https://www.diocesiorvietotodi.it/biografia-2/#" data-type="link" data-id="https://www.diocesiorvietotodi.it/biografia-2/#">Mons. Gualtiero Sigismondi</a></strong>, Vescovo della Diocesi, presiede questo organismo ed è coadiuvato da: <br>don Marco Gasparri (direttore),<br>Irene Grigioni (vicedirettore),<br>diacono Paolo Persiani (amministratore),<br>l&#8217;équipe Caritas e tutti i volontari. </p></div><div class="uagb-cta__buttons"><a href="#" class="uagb-cta__button-link-wrapper" target="_self" rel="noopener noreferrer"></a></div></div>



<div class="wp-block-uagb-image aligncenter uagb-block-29577eee wp-block-uagb-image--layout-default wp-block-uagb-image--effect-static wp-block-uagb-image--align-center"><figure class="wp-block-uagb-image__figure"><img decoding="async" src="https://www.caritasorvietotodi.it/caritaswp/wp-content/uploads/2024/02/pexels-marian-moravcik-9271688-1-1024x283.jpg" alt="" class="uag-image-2031" width="4949" height="1370" title="" loading="lazy" /></figure></div>
